3, 83, 5189
List the prime factors of 809369201.
17, 19, 53, 47279
List the prime factors of 9252010745.
5, 983, 1882403
List the prime factors of 48777654.
2, 3, 2753, 2953
List the prime factors of 10863215.
5, 11, 263, 751
List the prime factors of 1639410139.
1087, 1508197
What are the prime factors of 222643973?
222643973
What are the prime factors of 365528984?
2, 6043, 7561
List the prime factors of 227640786.
2, 3, 19, 1996849
List the prime factors of 18884854.
2, 53, 163, 1093
What are the prime factors of 259044332?
2, 4507, 14369
What are the prime factors of 2120599591?
11, 192781781
List the prime factors of 420610758.
2, 3, 70101793
List the prime factors of 3766738046.
2, 223, 8445601
List the prime factors of 13127829.
3, 11, 13, 71, 431
List the prime factors of 89813273.
11, 863, 9461
What are the prime factors of 1872010388?
2, 23, 884693
What are the prime factors of 4293511820?
2, 5, 13, 37, 263, 1697
What are the prime factors of 3180284294?
2, 11, 144558377
What are the prime factors of 165179127?
3, 6143, 8963
What are the prime factors of 179941037?
1933, 93089
List the prime factors of 856417965.
3, 5, 13, 4391887
What are the prime factors of 27537?
3, 67, 137
What are the prime factors of 1613353766?
2, 806676883
What are the prime factors of 16168243?
7, 13, 127, 1399
List the prime factors of 90836025.
3, 5, 7, 173021
What are the prime factors of 269021225?
5, 11, 23, 42533
What are the prime factors of 77740793?
13, 29, 206209
What are the prime factors of 763921298?
2, 7, 54565807
List the prime factors of 42429893.
11, 3857263
What are the prime factors of 5822792786?
2, 37, 71, 1108259
List the prime factors of 2595276600.
2, 3, 5, 7, 31, 643
What are the prime factors of 30385021?
30385021
What are the prime factors of 7464868931?
13, 113, 5081599
List the prime factors of 132216094.
2, 6823, 9689
List the prime factors of 356724428.
2, 73, 1221659
What are the prime factors of 188535694?
2, 2729, 34543
What are the prime factors of 87470475?
3, 5, 113, 10321
List the prime factors of 821612456.
2, 7, 29, 505919
List the prime factors of 20428179.
3, 6809393
What are the prime factors of 76932281?
67, 719, 1597
What are the prime factors of 55182934?
2, 23, 1199629
List the prime factors of 905619136.
2, 14150299
What are the prime factors of 1379999560?
2, 5, 1361, 25349
What are the prime factors of 50760438?
2, 3, 19, 89, 5003
What are the prime factors of 100305635?
5, 29, 691763
What are the prime factors of 18659346?
2, 3, 41, 101, 751
List the prime factors of 6095336182.
2, 13, 18033539
List the prime factors of 43996396.
2, 43, 229, 1117
What are the prime factors of 690983792?
2, 19, 2272973
What are the prime factors of 73006127?
73006127
What are the prime factors of 49581342?
2, 3, 918173
What are the prime factors of 998587538?
2, 13, 43, 127, 541
List the prime factors of 105964813.
105964813
List the prime factors of 177481938.
2, 3, 17, 23, 75653
What are the prime factors of 179217728?
2, 19, 7757
What are the prime factors of 314965511?
7, 17, 2646769
What are the prime factors of 2033992749?
3, 29, 37, 181, 3491
List the prime factors of 245507110.
2, 5, 24550711
What are the prime factors of 139603212?
2, 3, 7, 553981
List the prime factors of 1306268415.
3, 5, 47, 719, 859
List the prime factors of 38740569.
3, 7, 17, 108517
List the prime factors of 525697699.
12841, 40939
List the prime factors of 25257645.
3, 5, 7, 181, 443
List the prime factors of 13225879.
2153, 6143
What are the prime factors of 76844269?
4177, 18397
What are the prime factors of 825968068?
2, 79, 137, 19079
List the prime factors of 4400124854.
2, 113, 2153, 9043
What are the prime factors of 197326992?
2, 3, 4110979
List the prime factors of 44388164.
2, 11097041
What are the prime factors of 796115304?
2, 3, 17, 72269
List the prime factors of 136736204.
2, 11, 433, 7177
List the prime factors of 47662605.
3, 5, 1059169
What are the prime factors of 426752234?
2, 557, 383081
List the prime factors of 277811508.
2, 3, 13, 461, 3863
What are the prime factors of 352913855?
5, 7, 41, 331, 743
What are the prime factors of 156827462?
2, 11, 61, 137, 853
What are the prime factors of 4681501670?
2, 5, 10487, 44641
List the prime factors of 324973060.
2, 5, 16248653
What are the prime factors of 77665901?
19, 215141
List the prime factors of 5037048.
2, 3, 69959
What are the prime factors of 153503086?
2, 11, 73, 95581
List the prime factors of 4468877048.
2, 109, 5124859
What are the prime factors of 50483455?
5, 11, 17, 53993
List the prime factors of 21621729.
3, 7207243
List the prime factors of 1260195300.
2, 3, 5, 7, 13, 23, 223
What are the prime factors of 141102881?
1861, 75821
What are the prime factors of 3486011233?
21647, 161039
What are the prime factors of 550816291?
2671, 206221
What are the prime factors of 4027551292?
2, 3019, 333517
List the prime factors of 2896778568.
2, 3, 120699107
What are the prime factors of 133781407?
133781407
List the prime factors of 2281835557.
17, 134225621
What are the prime factors of 337257529?
7, 48179647
What are the prime factors of 744470667?
3, 211, 392033
List the prime factors of 335678300.
2, 5, 3356783
What are the prime factors of 4850156497?
4850156497
List the prime factors of 3111483928.
2, 7, 19, 113, 3697
What are the prime factors of 115058106?
2, 3, 6392117
List the prime factors of 134558664.
2, 3, 101, 55511
List the prime factors of 3913619174.
2, 113, 3767, 4597
What are the prime factors of 314131773?
3, 31, 599, 5639
What are the prime factors of 1785859227?
3, 79, 251, 10007
What are the prime factors of 1222319451?
3, 407439817
What are the prime factors of 3766969?
3766969
List the prime factors of 1097559834.
2, 3, 7, 293, 89189
List the prime factors of 119632188.
2, 3, 13, 766873
List the prime factors of 1110605978.
2, 43, 12914023
List the prime factors of 245118442.
2, 47, 373, 6991
List the prime factors of 15747222.
2, 3, 937, 2801
List the prime factors of 12038212.
2, 3009553
List the prime factors of 50978601.
3, 31, 73, 2503
List the prime factors of 75914245.
5, 11, 1380259
List the prime factors of 1805354308.
2, 317, 1423781
List the prime factors of 2327346352.
2, 145459147
List the prime factors of 395310847.
395310847
What are the prime factors of 25311006?
2, 3, 7, 200881
What are the prime factors of 226009569?
3, 23, 3275501
List the prime factors of 136818902.
2, 11, 6219041
What are the prime factors of 2947318628?
2, 17, 43342921
What are the prime factors of 1967158?
2, 983579
List the prime factors of 13717960.
2, 5, 342949
What are the prime factors of 36213882?
2, 3, 6035647
What are the prime factors of 610406363?
7, 73, 149, 8017
What are the prime factors of 1331702723?
13, 19, 5391509
What are the prime factors of 1884460444?
2, 471115111
What are the prime factors of 1382156841?
3, 13, 2713, 13063
List the prime factors of 391320769.
7, 37, 41, 43, 857
List the prime factors of 34580898.
2, 3, 11, 58217
What are the prime factors of 13313196?
2, 3, 13, 28447
List the prime factors of 27138589.
349, 77761
What are the prime factors of 18444937?
7, 2634991
List the prime factors of 218668643.
347, 630169
What are the prime factors of 142906470?
2, 3, 5, 7, 680507
List the prime factors of 2999273052.
2, 3, 1487, 168083
List the prime factors of 2242096.
2, 17, 8243
What are the prime factors of 55111503?
3, 41, 167, 2683
What are the prime factors of 135771343?
11059, 12277
What are the prime factors of 1638979701?
3, 23, 43, 552403
What are the prime factors of 151143826?
2, 67, 337, 3347
What are the prime factors of 112145687?
2879, 38953
What are the prime factors of 124043826?
2, 3, 20673971
What are the prime factors of 501091291?
501091291
List the prime factors of 3980601401.
7, 10957, 51899
What are the prime factors of 227410989?
3, 13, 17, 61, 5623
List the prime factors of 5756028230.
2, 5, 31, 18567833
What are the prime factors of 172992151?
172992151
What are the prime factors of 3919515535?
5, 13, 31, 1945169
What are the prime factors of 2630634464?
2, 2309, 35603
List the prime factors of 1917740943.
3, 23, 9264449
What are the prime factors of 138345754?
2, 67, 499, 2069
List the prim